{"id":959,"date":"2019-11-03T11:48:21","date_gmt":"2019-11-03T11:48:21","guid":{"rendered":"http:\/\/www.peililampi.fi\/?post_type=product&#038;p=959"},"modified":"2026-03-15T15:27:10","modified_gmt":"2026-03-15T13:27:10","slug":"tervasuola-suolasaippua-120g","status":"publish","type":"product","link":"https:\/\/www.peililampi.fi\/index.php\/tuote\/tervasuola-suolasaippua-120g\/","title":{"rendered":"Tervasuola suolasaippua 120g"},"content":{"rendered":"<p>INCI: Himalajan Ruususuola, Kookos\u00f6ljy, Oliivi\u00f6ljy, Risiini\u00f6ljy, Aqua, Hautaterva<\/p>\n<p>Cattecon suolasaippuoissa on aina sama perusrakenne: puolet Himalajan ruususuolaa ja puolet hoitavia kasvi\u00f6ljyj\u00e4.<\/p>\n","protected":false},"excerpt":{"rendered":"<p>100% luonnollinen k\u00e4sintehty Himalajan ruususuola saippua. Sis\u00e4lt\u00e4\u00e4 Himalajan ruususuolaa, oliivi\u00f6ljy\u00e4 ja kookos\u00f6ljy\u00e4 sek\u00e4 risiini\u00f6ljy\u00e4. Lis\u00e4simme t\u00e4h\u00e4n suolasaippuaan aitoa suomalaista hautatervaa, joka on valmistettu yksinomaan m\u00e4nnynkannoista. Tervaa on pitk\u00e4\u00e4n ja perinteisesti k\u00e4ytetty hoitokeinona erityisesti ihonhoidossa erilaisia iho-ongelmien hoidossa, kuten atopiaa, psoria ja kutinaa vastaan. T\u00e4m\u00e4 suolasaippua saa luonnollisesti v\u00e4rins\u00e4 ja t\u00e4ytel\u00e4isen tervaisen tuoksunsa aidosta suomalaisesta hautatervasta.<\/p>\n<p>Soveltuu koko vartalon pesuun ja k\u00e4sipesuun sek\u00e4 kasvoille. Aitoa hautatervaa sis\u00e4lt\u00e4v\u00e4 suolasaippua hoitaa hell\u00e4varaisesti ihoa ja monet atopian ja psorin oireita omaavat ovat saaneet apua tervasuolasaippuasta. Runsaasti Himalajan ruususuolaa sis\u00e4lt\u00e4v\u00e4 ylirasvoitettu saippuapala pesee kaikki ihoalueet kuivattamatta ihoa. T\u00e4m\u00e4 hoitava suolasaippua soveltuu todella hyvin herk\u00e4lle ja kuivalle iholle.<\/p>\n","protected":false},"featured_media":7039,"comment_status":"closed","ping_status":"closed","template":"","meta":{"_acf_changed":false,"om_disable_all_campaigns":false,"_monsterinsights_skip_tracking":false,"_monsterinsights_sitenote_active":false,"_monsterinsights_sitenote_note":"","_monsterinsights_sitenote_category":0,"_uf_show_specific_survey":0,"_uf_disable_surveys":false},"product_brand":[],"product_cat":[20,138],"product_tag":[93,168,49,61,23,63,54,34],"class_list":{"0":"post-959","1":"product","2":"type-product","3":"status-publish","4":"has-post-thumbnail","6":"product_cat-saippuat","7":"product_cat-terva","8":"product_tag-carita-cosmetiikka","9":"product_tag-catteco","10":"product_tag-herkalle-iholle","11":"product_tag-luonnollinen","12":"product_tag-saippua","13":"product_tag-suola","14":"product_tag-terva","15":"product_tag-vartalolle","18":"first","19":"instock","20":"taxable","21":"shipping-taxable","22":"purchasable","23":"product-type-simple"},"supplier_id":1177,"supplier_sku":"","atum_controlled":true,"out_stock_date":null,"out_stock_threshold":null,"inheritable":false,"inbound_stock":0,"stock_on_hold":0,"sold_today":0,"sales_last_days":0,"reserved_stock":0,"customer_returns":0,"warehouse_damage":0,"lost_in_post":0,"other_logs":0,"out_stock_days":0,"lost_sales":0,"has_location":false,"update_date":"2026-04-17T00:42:56","atum_locations":[],"atum_stock_status":"instock","restock_status":false,"low_stock_amount":"","sales_update_date":"2026-04-17T00:42:56","calc_backorders":null,"acf":[],"aioseo_notices":[],"_links":{"self":[{"href":"https:\/\/www.peililampi.fi\/index.php\/wp-json\/wp\/v2\/product\/959","targetHints":{"allow":["GET"]}}],"collection":[{"href":"https:\/\/www.peililampi.fi\/index.php\/wp-json\/wp\/v2\/product"}],"about":[{"href":"https:\/\/www.peililampi.fi\/index.php\/wp-json\/wp\/v2\/types\/product"}],"replies":[{"embeddable":true,"href":"https:\/\/www.peililampi.fi\/index.php\/wp-json\/wp\/v2\/comments?post=959"}],"version-history":[{"count":1,"href":"https:\/\/www.peililampi.fi\/index.php\/wp-json\/wp\/v2\/product\/959\/revisions"}],"predecessor-version":[{"id":7117,"href":"https:\/\/www.peililampi.fi\/index.php\/wp-json\/wp\/v2\/product\/959\/revisions\/7117"}],"wp:featuredmedia":[{"embeddable":true,"href":"https:\/\/www.peililampi.fi\/index.php\/wp-json\/wp\/v2\/media\/7039"}],"wp:attachment":[{"href":"https:\/\/www.peililampi.fi\/index.php\/wp-json\/wp\/v2\/media?parent=959"}],"wp:term":[{"taxonomy":"product_brand","embeddable":true,"href":"https:\/\/www.peililampi.fi\/index.php\/wp-json\/wp\/v2\/product_brand?post=959"},{"taxonomy":"product_cat","embeddable":true,"href":"https:\/\/www.peililampi.fi\/index.php\/wp-json\/wp\/v2\/product_cat?post=959"},{"taxonomy":"product_tag","embeddable":true,"href":"https:\/\/www.peililampi.fi\/index.php\/wp-json\/wp\/v2\/product_tag?post=959"}],"curies":[{"name":"wp","href":"https:\/\/api.w.org\/{rel}","templated":true}]}}