{"id":6587,"date":"2021-10-24T13:21:07","date_gmt":"2021-10-24T10:21:07","guid":{"rendered":"https:\/\/www.peililampi.fi\/?post_type=product&#038;p=6587"},"modified":"2026-03-15T15:29:21","modified_gmt":"2026-03-15T13:29:21","slug":"sade-hoitoaine-herkalle-ja-kutisevalle-paanahalle-250ml","status":"publish","type":"product","link":"https:\/\/www.peililampi.fi\/index.php\/tuote\/sade-hoitoaine-herkalle-ja-kutisevalle-paanahalle-250ml\/","title":{"rendered":"Sade hoitoaine herk\u00e4lle ja kutisevalle p\u00e4\u00e4nahalle 250ml"},"content":{"rendered":"<p>INCI: Aqua, Cetearyl Alcohol, Glycerin**, Distearoylethyl Dimonium Chloride, Simmondsia Chinensis Seed Oil*, Cetearyl Olivate, Parfum, Sorbitan Olivate, Sodium Dehydroacetate, Lactic Acid, Sodium Chloride, Tocopherol, Sodium Benzoate, Ribes Nigrum Seed Oil, Helianthus Annuus Seed Oil, Rosmarinus Officinalis Leaf Extract<br \/>\n* Luomua<br \/>\n** Valmistettu luomuainesosista<\/p>\n","protected":false},"excerpt":{"rendered":"<p>Sade hoitoaine sopii erityisen hyvin herk\u00e4lle ja kutiavalle p\u00e4\u00e4nahalle. Se on hell\u00e4varainen hiuksille ja hiuspohjalle.\u00a0Sis\u00e4lt\u00e4\u00e4 mustaherukan siemen\u00f6ljy\u00e4, luomu-jojoba\u00f6ljy\u00e4 ja Himalajan kristallisuolaa. Luomu-jojoba\u00f6ljy antaa kiiltoa ja hoitavuutta hiuksille rasvoittamatta niit\u00e4. Elvytt\u00e4\u00e4 ja tasapainottaa hiusten rakennetta. Mustaherukan siemen\u00f6ljy on tehokas hiusten uudistaja ja ravitsija, se ehk\u00e4isee my\u00f6s hilseen muodostumista. Himalajan kristallisuola hoitaa ja tasapainottaa tehokkaasti p\u00e4\u00e4nahan ongelmia sek\u00e4 antaa hiuksille luonnollista elinvoimaa.<br \/>\nEi sis\u00e4ll\u00e4 silikonia. Hajusteeton.<\/p>\n<p>K\u00e4ytt\u00f6ohje: Levit\u00e4 pieni m\u00e4\u00e4r\u00e4 hoitoainetta kaikkialle hiuksiin, anna vaikuttaa 2-3 minuuttia ja huuhtele huolella.<\/p>\n<p>S\u00e4ilytys: Sis\u00e4tiloissa valolta ja kosteudelta suojattuna 10\u00b0C \u2013 24\u00b0C l\u00e4mp\u00f6tilassa. Pid\u00e4 pakkaus suljettuna, kun sit\u00e4 ei k\u00e4ytet\u00e4. S\u00e4ilyy 6 kk avaamisesta, kun tuote on s\u00e4ilytetty ohjeiden mukaan.<\/p>\n","protected":false},"featured_media":7023,"comment_status":"open","ping_status":"closed","template":"","meta":{"_acf_changed":false,"om_disable_all_campaigns":false,"_monsterinsights_skip_tracking":false,"_monsterinsights_sitenote_active":false,"_monsterinsights_sitenote_note":"","_monsterinsights_sitenote_category":0,"_uf_show_specific_survey":0,"_uf_disable_surveys":false},"product_brand":[],"product_cat":[103],"product_tag":[239,162,238,237,124,235,230,231],"class_list":{"0":"post-6587","1":"product","2":"type-product","3":"status-publish","4":"has-post-thumbnail","6":"product_cat-hoitoaineet","7":"product_tag-elvyttava","8":"product_tag-hajusteeton","9":"product_tag-hellavarainen","10":"product_tag-hoitoaine","11":"product_tag-jojoba","12":"product_tag-mustaherukka","13":"product_tag-sade-cosmetics","14":"product_tag-tuisa","17":"first","18":"instock","19":"taxable","20":"shipping-taxable","21":"purchasable","22":"product-type-simple"},"supplier_id":6579,"supplier_sku":"","atum_controlled":true,"out_stock_date":null,"out_stock_threshold":null,"inheritable":false,"inbound_stock":0,"stock_on_hold":0,"sold_today":0,"sales_last_days":0,"reserved_stock":0,"customer_returns":0,"warehouse_damage":0,"lost_in_post":0,"other_logs":0,"out_stock_days":0,"lost_sales":0,"has_location":false,"update_date":"2026-04-22T01:28:17","atum_locations":[],"atum_stock_status":"instock","restock_status":false,"low_stock_amount":"","sales_update_date":"2026-04-22T01:28:17","calc_backorders":null,"acf":[],"aioseo_notices":[],"_links":{"self":[{"href":"https:\/\/www.peililampi.fi\/index.php\/wp-json\/wp\/v2\/product\/6587","targetHints":{"allow":["GET"]}}],"collection":[{"href":"https:\/\/www.peililampi.fi\/index.php\/wp-json\/wp\/v2\/product"}],"about":[{"href":"https:\/\/www.peililampi.fi\/index.php\/wp-json\/wp\/v2\/types\/product"}],"replies":[{"embeddable":true,"href":"https:\/\/www.peililampi.fi\/index.php\/wp-json\/wp\/v2\/comments?post=6587"}],"version-history":[{"count":2,"href":"https:\/\/www.peililampi.fi\/index.php\/wp-json\/wp\/v2\/product\/6587\/revisions"}],"predecessor-version":[{"id":7574,"href":"https:\/\/www.peililampi.fi\/index.php\/wp-json\/wp\/v2\/product\/6587\/revisions\/7574"}],"wp:featuredmedia":[{"embeddable":true,"href":"https:\/\/www.peililampi.fi\/index.php\/wp-json\/wp\/v2\/media\/7023"}],"wp:attachment":[{"href":"https:\/\/www.peililampi.fi\/index.php\/wp-json\/wp\/v2\/media?parent=6587"}],"wp:term":[{"taxonomy":"product_brand","embeddable":true,"href":"https:\/\/www.peililampi.fi\/index.php\/wp-json\/wp\/v2\/product_brand?post=6587"},{"taxonomy":"product_cat","embeddable":true,"href":"https:\/\/www.peililampi.fi\/index.php\/wp-json\/wp\/v2\/product_cat?post=6587"},{"taxonomy":"product_tag","embeddable":true,"href":"https:\/\/www.peililampi.fi\/index.php\/wp-json\/wp\/v2\/product_tag?post=6587"}],"curies":[{"name":"wp","href":"https:\/\/api.w.org\/{rel}","templated":true}]}}