{"id":6576,"date":"2021-10-24T12:54:23","date_gmt":"2021-10-24T09:54:23","guid":{"rendered":"https:\/\/www.peililampi.fi\/?post_type=product&#038;p=6576"},"modified":"2026-03-20T12:15:21","modified_gmt":"2026-03-20T10:15:21","slug":"sade-kristallisuola-kookos-salva-50ml","status":"publish","type":"product","link":"https:\/\/www.peililampi.fi\/index.php\/tuote\/sade-kristallisuola-kookos-salva-50ml\/","title":{"rendered":"Sade hoitava salva 50ml"},"content":{"rendered":"<p>INCI: Cocos (Coconut) Nucifera Oil*, Cera Alba*, Olea Europaea (Olive) Fruit Oil*, Helianthus Annuus (Sunflower) Seed Oil*, Mineral Salts, Butyrospermum Parkii (Shea) Butter*, Tocopherol.<br \/>\n*luomulaatua<\/p>\n<p>Saattaa sis\u00e4lt\u00e4\u00e4 siitep\u00f6lyj\u00e4\u00e4mi\u00e4.<\/p>\n","protected":false},"excerpt":{"rendered":"<p>Tehohoito huulille ja iholle! Ihoa suojaava, hoitava ja kosteuttava, hell\u00e4varainen salva.<\/p>\n<p>* Luomu-kookos\u00f6ljy on tehokas ja pitk\u00e4aikainen ihon kosteuttaja.<br \/>\n* Luomu-mehil\u00e4isvaha suojaa, pehment\u00e4\u00e4 ja rauhoittaa \u00e4rtynytt\u00e4 ihoa.<br \/>\n*\u00a0Karite voipuun rasvalla on soluja uudistava ominaisuus.<br \/>\n*\u00a0Kristallisuola hoitaa, desinfioi ja ravitsee ihoa tehokkaasti.<br \/>\n* Hajusteeton.<br \/>\n* Kotimainen.<br \/>\n* Ei testattu el\u00e4inkokeilla.<\/p>\n","protected":false},"featured_media":7022,"comment_status":"open","ping_status":"closed","template":"","meta":{"_acf_changed":false,"om_disable_all_campaigns":false,"_monsterinsights_skip_tracking":false,"_monsterinsights_sitenote_active":false,"_monsterinsights_sitenote_note":"","_monsterinsights_sitenote_category":0,"_uf_show_specific_survey":0,"_uf_disable_surveys":false},"product_brand":[],"product_cat":[50],"product_tag":[162,96,118,40,229,230,228,227,63,231],"class_list":{"0":"post-6576","1":"product","2":"type-product","3":"status-publish","4":"has-post-thumbnail","6":"product_cat-voiteet","7":"product_tag-hajusteeton","8":"product_tag-hoitava","9":"product_tag-huulille","10":"product_tag-kosteuttava","11":"product_tag-rauhoittaa","12":"product_tag-sade-cosmetics","13":"product_tag-salva","14":"product_tag-suojaava","15":"product_tag-suola","16":"product_tag-tuisa","19":"first","20":"instock","21":"taxable","22":"shipping-taxable","23":"purchasable","24":"product-type-simple"},"supplier_id":6579,"supplier_sku":"","atum_controlled":true,"out_stock_date":null,"out_stock_threshold":null,"inheritable":false,"inbound_stock":0,"stock_on_hold":0,"sold_today":0,"sales_last_days":0,"reserved_stock":0,"customer_returns":0,"warehouse_damage":0,"lost_in_post":0,"other_logs":0,"out_stock_days":0,"lost_sales":0,"has_location":false,"update_date":"2026-04-17T00:42:56","atum_locations":[],"atum_stock_status":"instock","restock_status":false,"low_stock_amount":"","sales_update_date":"2026-04-17T00:42:56","calc_backorders":null,"acf":[],"aioseo_notices":[],"_links":{"self":[{"href":"https:\/\/www.peililampi.fi\/index.php\/wp-json\/wp\/v2\/product\/6576","targetHints":{"allow":["GET"]}}],"collection":[{"href":"https:\/\/www.peililampi.fi\/index.php\/wp-json\/wp\/v2\/product"}],"about":[{"href":"https:\/\/www.peililampi.fi\/index.php\/wp-json\/wp\/v2\/types\/product"}],"replies":[{"embeddable":true,"href":"https:\/\/www.peililampi.fi\/index.php\/wp-json\/wp\/v2\/comments?post=6576"}],"version-history":[{"count":1,"href":"https:\/\/www.peililampi.fi\/index.php\/wp-json\/wp\/v2\/product\/6576\/revisions"}],"predecessor-version":[{"id":7075,"href":"https:\/\/www.peililampi.fi\/index.php\/wp-json\/wp\/v2\/product\/6576\/revisions\/7075"}],"wp:featuredmedia":[{"embeddable":true,"href":"https:\/\/www.peililampi.fi\/index.php\/wp-json\/wp\/v2\/media\/7022"}],"wp:attachment":[{"href":"https:\/\/www.peililampi.fi\/index.php\/wp-json\/wp\/v2\/media?parent=6576"}],"wp:term":[{"taxonomy":"product_brand","embeddable":true,"href":"https:\/\/www.peililampi.fi\/index.php\/wp-json\/wp\/v2\/product_brand?post=6576"},{"taxonomy":"product_cat","embeddable":true,"href":"https:\/\/www.peililampi.fi\/index.php\/wp-json\/wp\/v2\/product_cat?post=6576"},{"taxonomy":"product_tag","embeddable":true,"href":"https:\/\/www.peililampi.fi\/index.php\/wp-json\/wp\/v2\/product_tag?post=6576"}],"curies":[{"name":"wp","href":"https:\/\/api.w.org\/{rel}","templated":true}]}}