{"id":6102,"date":"2020-09-17T16:51:27","date_gmt":"2020-09-17T13:51:27","guid":{"rendered":"https:\/\/www.peililampi.fi\/?post_type=product&#038;p=6102"},"modified":"2026-04-07T18:11:08","modified_gmt":"2026-04-07T15:11:08","slug":"hedelmatarha-suolasaippua-120g","status":"publish","type":"product","link":"https:\/\/www.peililampi.fi\/index.php\/tuote\/hedelmatarha-suolasaippua-120g\/","title":{"rendered":"Hedelm\u00e4tarha Suolasaippua 120g"},"content":{"rendered":"<p>INCI<strong>:<\/strong> Sodium Chloride (Himalajan Ruususuola), Sodium Cocoate (Kookos\u00f6ljy), Sodium Olivate (Oliivi\u00f6ljy), Sodium Castorate (Risiini\u00f6ljy), Aqua, Aloe Barbadensis (Aloe Vera), Litsea Cubeba (Eteerinen Litsea\u00f6ljy), Citrus Aurantifolia (Eteerinen Lime\u00f6ljy), Citrus Medica Limonum (Eteerinen Sitruuna\u00f6ljy), Citrus Paradisi Peel Oil (Eteerinen Greippi\u00f6ljy), Titanium Dioxide, Iron Oxide, CI 77891, CI 77491 (Micav\u00e4rit) *Citral, *Limonene<\/p>\n<p>*Esiintyy luonnostaan eteerisess\u00e4 \u00f6ljyss\u00e4.<\/p>\n<p>Cattecon suolasaippuoissa on aina sama perusrakenne: puolet Himalajan ruususuolaa ja puolet hoitavia kasvi\u00f6ljyj\u00e4.<\/p>\n","protected":false},"excerpt":{"rendered":"<p class=\"\">Sis\u00e4lt\u00e4\u00e4 Himalajan ruususuolaa, oliivi\u00f6ljy\u00e4 ja kookos\u00f6ljy\u00e4 sek\u00e4 risiini\u00f6ljy\u00e4. T\u00e4h\u00e4n suolasaippuaan on lis\u00e4tty aitoa Aloe Veraa, jota on perinteisesti k\u00e4ytetty erilaisten iho-ongelmien hoitoon. Aloe Veraa k\u00e4ytet\u00e4\u00e4n ihoa pehment\u00e4v\u00e4n\u00e4, kosteuttavana ja rauhoittavana ainesosana, joka lievitt\u00e4\u00e4 erilaisia ihon oireita. Tuoksuna virvoittavan raikas sitruksinen yhdistelm\u00e4 aidoista eteerisist\u00e4 \u00f6ljyist\u00e4: Litsea, lime ja sitruuna sek\u00e4 greippi.<\/p>\n<p class=\"\">Soveltuu koko vartalon pesuun, k\u00e4sipesuun ja kasvopesuun sek\u00e4 meikkien pesemiseen pois kasvoilta. Aitoa Aloe Veraa sis\u00e4lt\u00e4v\u00e4 suolasaippua hoitaa hell\u00e4varaisesti ihoa. Runsaasti Himalajan ruususuolaa sis\u00e4lt\u00e4v\u00e4 ylirasvoitettu saippuapala pesee kaikki ihoalueet kuivattamatta ihoa. T\u00e4m\u00e4 hoitava suolasaippua soveltuu hyvin kuivalle ja herk\u00e4lle iholle.<\/p>\n","protected":false},"featured_media":7055,"comment_status":"closed","ping_status":"closed","template":"","meta":{"_acf_changed":false,"om_disable_all_campaigns":false,"_monsterinsights_skip_tracking":false,"_monsterinsights_sitenote_active":false,"_monsterinsights_sitenote_note":"","_monsterinsights_sitenote_category":0,"_uf_show_specific_survey":0,"_uf_disable_surveys":false},"product_brand":[],"product_cat":[20],"product_tag":[93,168,96,40,183,87,182],"class_list":{"0":"post-6102","1":"product","2":"type-product","3":"status-publish","4":"has-post-thumbnail","6":"product_cat-saippuat","7":"product_tag-carita-cosmetiikka","8":"product_tag-catteco","9":"product_tag-hoitava","10":"product_tag-kosteuttava","11":"product_tag-palasaippua","12":"product_tag-rauhoittava","13":"product_tag-suolasaippua","16":"first","17":"instock","18":"taxable","19":"shipping-taxable","20":"purchasable","21":"product-type-simple"},"supplier_id":1177,"supplier_sku":"","atum_controlled":true,"out_stock_date":null,"out_stock_threshold":null,"inheritable":false,"inbound_stock":0,"stock_on_hold":0,"sold_today":0,"sales_last_days":0,"reserved_stock":0,"customer_returns":0,"warehouse_damage":0,"lost_in_post":0,"other_logs":0,"out_stock_days":0,"lost_sales":0,"has_location":false,"update_date":"2026-04-20T01:16:43","atum_locations":[],"atum_stock_status":"instock","restock_status":false,"low_stock_amount":"","sales_update_date":"2026-04-20T01:16:43","calc_backorders":null,"acf":[],"aioseo_notices":[],"_links":{"self":[{"href":"https:\/\/www.peililampi.fi\/index.php\/wp-json\/wp\/v2\/product\/6102","targetHints":{"allow":["GET"]}}],"collection":[{"href":"https:\/\/www.peililampi.fi\/index.php\/wp-json\/wp\/v2\/product"}],"about":[{"href":"https:\/\/www.peililampi.fi\/index.php\/wp-json\/wp\/v2\/types\/product"}],"replies":[{"embeddable":true,"href":"https:\/\/www.peililampi.fi\/index.php\/wp-json\/wp\/v2\/comments?post=6102"}],"version-history":[{"count":2,"href":"https:\/\/www.peililampi.fi\/index.php\/wp-json\/wp\/v2\/product\/6102\/revisions"}],"predecessor-version":[{"id":7596,"href":"https:\/\/www.peililampi.fi\/index.php\/wp-json\/wp\/v2\/product\/6102\/revisions\/7596"}],"wp:featuredmedia":[{"embeddable":true,"href":"https:\/\/www.peililampi.fi\/index.php\/wp-json\/wp\/v2\/media\/7055"}],"wp:attachment":[{"href":"https:\/\/www.peililampi.fi\/index.php\/wp-json\/wp\/v2\/media?parent=6102"}],"wp:term":[{"taxonomy":"product_brand","embeddable":true,"href":"https:\/\/www.peililampi.fi\/index.php\/wp-json\/wp\/v2\/product_brand?post=6102"},{"taxonomy":"product_cat","embeddable":true,"href":"https:\/\/www.peililampi.fi\/index.php\/wp-json\/wp\/v2\/product_cat?post=6102"},{"taxonomy":"product_tag","embeddable":true,"href":"https:\/\/www.peililampi.fi\/index.php\/wp-json\/wp\/v2\/product_tag?post=6102"}],"curies":[{"name":"wp","href":"https:\/\/api.w.org\/{rel}","templated":true}]}}