{"id":549,"date":"2019-10-12T11:56:24","date_gmt":"2019-10-12T11:56:24","guid":{"rendered":"http:\/\/www.peililampi.fi\/?post_type=product&#038;p=549"},"modified":"2026-02-01T12:16:19","modified_gmt":"2026-02-01T10:16:19","slug":"mantytervan-taika-sola-saippua","status":"publish","type":"product","link":"https:\/\/www.peililampi.fi\/index.php\/tuote\/mantytervan-taika-sola-saippua\/","title":{"rendered":"Tervan Taika -saippua"},"content":{"rendered":"<p>INCI: rypsi\u00f6ljy*, vesi*, luomukookos\u00f6ljy, lipe\u00e4, m\u00e4ntykuoriuute*, m\u00e4ntykantoterva*, risiini\u00f6ljy.<\/p>\n<p>*Suomalainen raaka-aine<\/p>\n","protected":false},"excerpt":{"rendered":"<p>Perinteinen m\u00e4ntytervasaippua. Ihana tuoksu tulee yksinomaan m\u00e4ntytervasta, ei kemiallista tuoksuainetta . Kantoterva m\u00e4nnyst\u00e4 ja m\u00e4nnynkuoriuute. Vaahtoaa joskus h\u00e4iv\u00e4hdyksen mustana. Sopii hyvin niin hiusten kuin koko vartalonkin pesuun.<\/p>\n","protected":false},"featured_media":1875,"comment_status":"closed","ping_status":"closed","template":"","meta":{"_acf_changed":false,"om_disable_all_campaigns":false,"_monsterinsights_skip_tracking":false,"_monsterinsights_sitenote_active":false,"_monsterinsights_sitenote_note":"","_monsterinsights_sitenote_category":0,"_uf_show_specific_survey":0,"_uf_disable_surveys":false},"product_brand":[],"product_cat":[20,92,138],"product_tag":[33,23,29,54,34],"class_list":{"0":"post-549","1":"product","2":"type-product","3":"status-publish","4":"has-post-thumbnail","6":"product_cat-saippuat","7":"product_cat-shampoo","8":"product_cat-terva","9":"product_tag-hiuksille","10":"product_tag-saippua","11":"product_tag-sola","12":"product_tag-terva","13":"product_tag-vartalolle","16":"first","17":"instock","18":"taxable","19":"shipping-taxable","20":"purchasable","21":"product-type-simple"},"supplier_id":522,"supplier_sku":"","atum_controlled":true,"out_stock_date":null,"out_stock_threshold":null,"inheritable":false,"inbound_stock":0,"stock_on_hold":0,"sold_today":0,"sales_last_days":0,"reserved_stock":0,"customer_returns":0,"warehouse_damage":0,"lost_in_post":0,"other_logs":0,"out_stock_days":0,"lost_sales":0,"has_location":false,"update_date":"2026-04-20T01:16:43","atum_locations":[],"atum_stock_status":"instock","restock_status":false,"low_stock_amount":"","sales_update_date":"2026-04-20T01:16:43","calc_backorders":null,"acf":[],"aioseo_notices":[],"_links":{"self":[{"href":"https:\/\/www.peililampi.fi\/index.php\/wp-json\/wp\/v2\/product\/549","targetHints":{"allow":["GET"]}}],"collection":[{"href":"https:\/\/www.peililampi.fi\/index.php\/wp-json\/wp\/v2\/product"}],"about":[{"href":"https:\/\/www.peililampi.fi\/index.php\/wp-json\/wp\/v2\/types\/product"}],"replies":[{"embeddable":true,"href":"https:\/\/www.peililampi.fi\/index.php\/wp-json\/wp\/v2\/comments?post=549"}],"version-history":[{"count":2,"href":"https:\/\/www.peililampi.fi\/index.php\/wp-json\/wp\/v2\/product\/549\/revisions"}],"predecessor-version":[{"id":7613,"href":"https:\/\/www.peililampi.fi\/index.php\/wp-json\/wp\/v2\/product\/549\/revisions\/7613"}],"wp:featuredmedia":[{"embeddable":true,"href":"https:\/\/www.peililampi.fi\/index.php\/wp-json\/wp\/v2\/media\/1875"}],"wp:attachment":[{"href":"https:\/\/www.peililampi.fi\/index.php\/wp-json\/wp\/v2\/media?parent=549"}],"wp:term":[{"taxonomy":"product_brand","embeddable":true,"href":"https:\/\/www.peililampi.fi\/index.php\/wp-json\/wp\/v2\/product_brand?post=549"},{"taxonomy":"product_cat","embeddable":true,"href":"https:\/\/www.peililampi.fi\/index.php\/wp-json\/wp\/v2\/product_cat?post=549"},{"taxonomy":"product_tag","embeddable":true,"href":"https:\/\/www.peililampi.fi\/index.php\/wp-json\/wp\/v2\/product_tag?post=549"}],"curies":[{"name":"wp","href":"https:\/\/api.w.org\/{rel}","templated":true}]}}