{"id":1112,"date":"2019-11-07T18:09:01","date_gmt":"2019-11-07T16:09:01","guid":{"rendered":"http:\/\/www.peililampi.fi\/?post_type=product&#038;p=1112"},"modified":"2025-06-21T12:00:30","modified_gmt":"2025-06-21T09:00:30","slug":"elaintenystavan-ihonhoitosumute-300ml","status":"publish","type":"product","link":"https:\/\/www.peililampi.fi\/index.php\/tuote\/elaintenystavan-ihonhoitosumute-300ml\/","title":{"rendered":"El\u00e4intenyst\u00e4v\u00e4n ihonhoitosumute 250ml"},"content":{"rendered":"<p>INCI: terva, piki\u00f6ljy ja valkosipuli<\/p>\n","protected":false},"excerpt":{"rendered":"<p>K\u00e4ytet\u00e4\u00e4n hevosille ja muille kotiel\u00e4imille suojaamaan arkoja ihoalueita itikoilta, rauhoittamaan kutinaa ja pit\u00e4m\u00e4\u00e4n ihon kunnossa.<br \/>\nTuotteessa oleva valkosipuliuute ja terva peitt\u00e4v\u00e4t el\u00e4imen luontaisen tuoksun, joilloin itikat eiv\u00e4t kiinnostu siit\u00e4.<\/p>\n","protected":false},"featured_media":7053,"comment_status":"closed","ping_status":"closed","template":"","meta":{"_acf_changed":false,"om_disable_all_campaigns":false,"_monsterinsights_skip_tracking":false,"_monsterinsights_sitenote_active":false,"_monsterinsights_sitenote_note":"","_monsterinsights_sitenote_category":0,"_uf_show_specific_survey":0,"_uf_disable_surveys":false},"product_brand":[],"product_cat":[129,15,138],"product_tag":[134,133,54,136],"class_list":{"0":"post-1112","1":"product","2":"type-product","3":"status-publish","4":"has-post-thumbnail","6":"product_cat-elaimille","7":"product_cat-pikioljy","8":"product_cat-terva","9":"product_tag-hyonteiskarkote","10":"product_tag-kietavainen","11":"product_tag-terva","12":"product_tag-valkosipuli","15":"first","16":"outofstock","17":"taxable","18":"shipping-taxable","19":"purchasable","20":"product-type-simple"},"supplier_id":1197,"supplier_sku":"","atum_controlled":true,"out_stock_date":"2025-06-21 12:00:30","out_stock_threshold":null,"inheritable":false,"inbound_stock":0,"stock_on_hold":0,"sold_today":0,"sales_last_days":0,"reserved_stock":0,"customer_returns":0,"warehouse_damage":0,"lost_in_post":0,"other_logs":0,"out_stock_days":311,"lost_sales":0,"has_location":true,"update_date":"2026-04-29T01:59:57","atum_locations":[{"id":21,"name":"Varasto","slug":"varasto"}],"atum_stock_status":"outofstock","restock_status":false,"low_stock_amount":"","sales_update_date":"2026-04-29T01:59:57","calc_backorders":null,"acf":[],"aioseo_notices":[],"_links":{"self":[{"href":"https:\/\/www.peililampi.fi\/index.php\/wp-json\/wp\/v2\/product\/1112","targetHints":{"allow":["GET"]}}],"collection":[{"href":"https:\/\/www.peililampi.fi\/index.php\/wp-json\/wp\/v2\/product"}],"about":[{"href":"https:\/\/www.peililampi.fi\/index.php\/wp-json\/wp\/v2\/types\/product"}],"replies":[{"embeddable":true,"href":"https:\/\/www.peililampi.fi\/index.php\/wp-json\/wp\/v2\/comments?post=1112"}],"version-history":[{"count":1,"href":"https:\/\/www.peililampi.fi\/index.php\/wp-json\/wp\/v2\/product\/1112\/revisions"}],"predecessor-version":[{"id":7111,"href":"https:\/\/www.peililampi.fi\/index.php\/wp-json\/wp\/v2\/product\/1112\/revisions\/7111"}],"wp:featuredmedia":[{"embeddable":true,"href":"https:\/\/www.peililampi.fi\/index.php\/wp-json\/wp\/v2\/media\/7053"}],"wp:attachment":[{"href":"https:\/\/www.peililampi.fi\/index.php\/wp-json\/wp\/v2\/media?parent=1112"}],"wp:term":[{"taxonomy":"product_brand","embeddable":true,"href":"https:\/\/www.peililampi.fi\/index.php\/wp-json\/wp\/v2\/product_brand?post=1112"},{"taxonomy":"product_cat","embeddable":true,"href":"https:\/\/www.peililampi.fi\/index.php\/wp-json\/wp\/v2\/product_cat?post=1112"},{"taxonomy":"product_tag","embeddable":true,"href":"https:\/\/www.peililampi.fi\/index.php\/wp-json\/wp\/v2\/product_tag?post=1112"}],"curies":[{"name":"wp","href":"https:\/\/api.w.org\/{rel}","templated":true}]}}