{"id":1087,"date":"2019-11-07T17:05:49","date_gmt":"2019-11-07T15:05:49","guid":{"rendered":"http:\/\/www.peililampi.fi\/?post_type=product&#038;p=1087"},"modified":"2025-01-25T12:09:25","modified_gmt":"2025-01-25T10:09:25","slug":"tervavoide-85ml","status":"publish","type":"product","link":"https:\/\/www.peililampi.fi\/index.php\/tuote\/tervavoide-85ml\/","title":{"rendered":"Tervavoide 55ml"},"content":{"rendered":"<p>INCI: l\u00e4\u00e4kevaseliini, m\u00e4ntyterva ja piki\u00f6ljy.<\/p>\n","protected":false},"excerpt":{"rendered":"<p>Sis\u00e4lt\u00e4\u00e4 tervahaudassa poltettua kantotervaa, jossa on j\u00e4ljell\u00e4 luonnon omat antiseptiset ja parantavat aineet. Tervaa on k\u00e4ytetty perinteisesti tulehdusten ja halkeilevan ihon hoidossa sek\u00e4 erilaisissa iho-ongelmissa, esim. atooppisen ihon ja psoriasiksen hoidossa, syylien, k\u00e4nsien ja aknen hoidossa. Tervavoide rauhoittaa kutisevaa ihoa. K\u00e4yt\u00e4 my\u00f6s \u00f6t\u00f6k\u00f6iden puremiin ja niiden ennaltaehk\u00e4isyyn. Sopii my\u00f6s el\u00e4imille.<\/p>\n<p>K\u00e4ytt\u00f6: Aluksi 2-3 kertaa p\u00e4iv\u00e4ss\u00e4, my\u00f6hemmin tarvittaessa.<\/p>\n","protected":false},"featured_media":7041,"comment_status":"closed","ping_status":"closed","template":"","meta":{"_acf_changed":false,"om_disable_all_campaigns":false,"_monsterinsights_skip_tracking":false,"_monsterinsights_sitenote_active":false,"_monsterinsights_sitenote_note":"","_monsterinsights_sitenote_category":0,"_uf_show_specific_survey":0,"_uf_disable_surveys":false},"product_brand":[],"product_cat":[129,15,138,50],"product_tag":[128,133,132,54],"class_list":{"0":"post-1087","1":"product","2":"type-product","3":"status-publish","4":"has-post-thumbnail","6":"product_cat-elaimille","7":"product_cat-pikioljy","8":"product_cat-terva","9":"product_cat-voiteet","10":"product_tag-iho-ongelmat","11":"product_tag-kietavainen","12":"product_tag-pikioljy","13":"product_tag-terva","16":"first","17":"instock","18":"taxable","19":"shipping-taxable","20":"purchasable","21":"product-type-simple"},"supplier_id":1197,"supplier_sku":"","atum_controlled":true,"out_stock_date":null,"out_stock_threshold":null,"inheritable":false,"inbound_stock":0,"stock_on_hold":0,"sold_today":0,"sales_last_days":0,"reserved_stock":0,"customer_returns":0,"warehouse_damage":0,"lost_in_post":0,"other_logs":0,"out_stock_days":0,"lost_sales":0,"has_location":false,"update_date":"2026-04-17T00:42:57","atum_locations":[],"atum_stock_status":"instock","restock_status":false,"low_stock_amount":"","sales_update_date":"2026-04-17T00:42:57","calc_backorders":0,"acf":[],"aioseo_notices":[],"_links":{"self":[{"href":"https:\/\/www.peililampi.fi\/index.php\/wp-json\/wp\/v2\/product\/1087","targetHints":{"allow":["GET"]}}],"collection":[{"href":"https:\/\/www.peililampi.fi\/index.php\/wp-json\/wp\/v2\/product"}],"about":[{"href":"https:\/\/www.peililampi.fi\/index.php\/wp-json\/wp\/v2\/types\/product"}],"replies":[{"embeddable":true,"href":"https:\/\/www.peililampi.fi\/index.php\/wp-json\/wp\/v2\/comments?post=1087"}],"version-history":[{"count":1,"href":"https:\/\/www.peililampi.fi\/index.php\/wp-json\/wp\/v2\/product\/1087\/revisions"}],"predecessor-version":[{"id":7106,"href":"https:\/\/www.peililampi.fi\/index.php\/wp-json\/wp\/v2\/product\/1087\/revisions\/7106"}],"wp:featuredmedia":[{"embeddable":true,"href":"https:\/\/www.peililampi.fi\/index.php\/wp-json\/wp\/v2\/media\/7041"}],"wp:attachment":[{"href":"https:\/\/www.peililampi.fi\/index.php\/wp-json\/wp\/v2\/media?parent=1087"}],"wp:term":[{"taxonomy":"product_brand","embeddable":true,"href":"https:\/\/www.peililampi.fi\/index.php\/wp-json\/wp\/v2\/product_brand?post=1087"},{"taxonomy":"product_cat","embeddable":true,"href":"https:\/\/www.peililampi.fi\/index.php\/wp-json\/wp\/v2\/product_cat?post=1087"},{"taxonomy":"product_tag","embeddable":true,"href":"https:\/\/www.peililampi.fi\/index.php\/wp-json\/wp\/v2\/product_tag?post=1087"}],"curies":[{"name":"wp","href":"https:\/\/api.w.org\/{rel}","templated":true}]}}